 11. Suppose -3*m = 5*n - g, -7*n - 4 = -6*n. What is the highest common factor of m and 64?
8
Suppose -4*i - 10*o + 13*o + 2995 = 0, -o - 748 = -i. Let h = -715 + i. Calculate the greatest common factor of 30 and h.
6
Let d(x) = -x**3 - 6*x**2 + x + 105. Let a be d(0). Suppose -a*k = -108*k + 120. What is the greatest common divisor of 112 and k?
8
Suppose 7*d - 439 = 442 - 755. Calculate the highest common divisor of 13842 and d.
18
Let c = 103 - 58. Let x be c/5*100*1. Calculate the highest common factor of 25 and x.
25
Let o = -9234 + 9487. Calculate the greatest common divisor of o and 176.
11
Suppose -57*z + 48*z = 225. Let v(g) = 4*g + 141. Let b be v(z). Calculate the greatest common divisor of b and 1312.
41
Let m = 2313 + -300. What is the greatest common factor of m and 33?
33
Suppose 0 = -f - 4*v + 2046, 0 = 2*f - v + 1584 - 5730. What is the highest common divisor of 630 and f?
90
Suppose -2*d - 86 = -5*k, 21*d - 28 = -k + 16*d. What is the greatest common factor of k and 2403?
9
Let p be (-18)/24 - (-23)/4. Suppose -p*z + 3*z + 196 = 0. Let l(d) = -d**3 - d + 14. Let n be l(0). Calculate the greatest common divisor of n and z.
14
Let t = -1 + -6. Let z = 12 + t. Suppose -149*d + 10465 = 150*d. What is the greatest common factor of d and z?
5
Let g = 133 + -211. Let x be (233 + 1)/(-5 + g/(-12)). Let d = -68 + x. Calculate the greatest common divisor of d and 220.
44
Suppose -78*h + 8185 = -10423 + 2462. What is the greatest common factor of 639 and h?
9
Suppose -5*d = 5*j - 0*d - 160, 5*d + 10 = 0. Suppose 0*w = 4*w - 112. Let s be (2 + w/(-20))*85. What is the greatest common divisor of j and s?
17
Let s be (3 + -6)/3 + 6. Suppose -15*n + 19*n - 428 = 2*k, -s*n - 5*k + 505 = 0. Calculate the greatest common factor of n and 63.
21
Let z(l) = -l**2 + 61*l - 670. Let t be z(20). Let g be (2 + -3 + -1)*-1. Suppose -100 = -2*m - g*m. Calculate the greatest common factor of m and t.
25
Let j be ((-119)/(-14))/(2/(-28)). Let c = j + 202. Suppose 5*n - c = -2*p, -p + 30 = -3*n - 17. What is the highest common divisor of p and 4?
4
Let i(l) = -4*l**3 - 24*l**2 - 36*l - 290. Let s be i(-17). Calculate the greatest common factor of 159 and s.
159
Let g(z) = -3*z**2 + 2 - 29*z**2 - z + 35*z**2 - 1 + 13*z. Let k be g(-6). Calculate the greatest common factor of 1184 and k.
37
Let a = -582 + 1741. Suppose -5*w + 3*f + 290 = 0, -f - 48 = 5*w - 358. What is the greatest common divisor of a and w?
61
Let h be (1 + (-141)/5)/((-44)/330*3). What is the highest common factor of h and 646?
34
Let u be (4/3)/((-26)/(-16809)). Suppose -4*z + u = -6*m + 11*m, 0 = 3*z - 9. What is the highest common divisor of 34 and m?
34
Let z = 277 + -270. Suppose 3*w - z*x = -8*x + 18, 4*w - 24 = 4*x. What is the greatest common divisor of w and 24?
6
Suppose -4059 = -19*l + 13611. What is the highest common factor of l and 135?
15
Let s = 279 + -276. Suppose -a + x + 67 = 0, -2*a + s*x + 21 + 108 = 0. Calculate the highest common divisor of a and 54.
18
Let m = 332 + -334. Let o be 14 + (m/(-4))/(2/(-16)). What is the highest common divisor of o and 170?
10
Suppose 117*r + 29*r - 584 = -0*r. What is the greatest common divisor of 12 and r?
4
Let q be 243 - 1*(-1 + 1). Suppose 10*u = 55*u - 810. Calculate the greatest common factor of u and q.
9
Let j = 1800 + -1721. What is the greatest common divisor of j and 553?
79
Let r(s) = 38*s**2 + 269*s + 1379. Let p be r(-5). Calculate the highest common divisor of 41 and p.
41
Let h be (6/(-9))/(1 + 44/(-33)). Calculate the greatest common divisor of 51 and h.
1
Suppose 68 = 5*s + 8. Suppose -y = 3*r - 174, 2*r + 3*y - 125 = -23. What is the highest common factor of s and r?
12
Let b = 308 + -320. Let y be b/(12/(-4))*(-72)/(-4). What is the greatest common divisor of y and 16?
8
Suppose -5*q + 400 = 5*i - 0*q, -15*i - 2*q + 1174 = 0. Calculate the greatest common divisor of i and 1742.
26
Suppose -3*h = 12*j - 16*j + 50, 24 = -h + 5*j. Let c be 285 + (-78)/(-351) + h/(-18). Calculate the greatest common divisor of 88 and c.
22
Suppose 4*l + 6*v - 332 = 2*v, -5*l = -3*v - 439. Suppose -4*g + 621 - 359 = 3*u, -174 = -2*u - 2*g. What is the greatest common divisor of u and l?
86
Let k = -326 - -790. Suppose 3*d - 2*v = 42, 0 = 3*d + 5*v + 5 - 68. Calculate the highest common factor of d and k.
16
Let b = 690 - 239. Suppose -5*w - 445 = -4*y - 2*w, 0 = 4*y + 3*w - b. What is the greatest common factor of 24 and y?
8
Let s be 6 + (-4 - -12 - 6). Suppose -48 = -h + 33. Let w = h + -25. What is the greatest common divisor of w and s?
8
Let r = 6144 + -5846. What is the highest common factor of 29651 and r?
149
Let i = 122 - 85. Let o(h) = -3*h + 135. Let u be o(i). Let d = -54 + 90. What is the greatest common factor of d and u?
12
Let y be (-5)/(-5) + -1*2 + 3139. Suppose y = 8*n - 2*n. Suppose 4*k - 9*k - 5*h = -865, -3*k = h - n. What is the highest common divisor of 70 and k?
35
Let m = -8 + 58. Suppose m = -21*i + 26*i. Let j = -5 + i. Calculate the highest common divisor of 45 and j.
5
Let t be (-3)/15 + 82/10. Let m = 703 + -697. Calculate the greatest common factor of t and m.
2
Suppose 0 = -2*j - f + 14, -f + 2*f - 9 = -j. Suppose j*z = -0*z + 45. Let s = 38 - z. What is the highest common divisor of 261 and s?
29
Let q = 6179 - 5878. What is the highest common divisor of 2064 and q?
43
Let g(i) = 54 + i**3 + 3 - 88*i - 6*i**2 - 53. Let p be g(14). What is the highest common factor of p and 255?
85
Let l(a) = -2*a**2 - a - 13 - 23*a + 9*a. Let g be l(-6). Let h = 7 + -6. Calculate the highest common factor of h and g.
1
Let v = 7801 - 7201. What is the highest common factor of 2175 and v?
75
Let u(v) = 11*v - 69. Let i be u(8). Suppose -5*r + i - 113 = -x, -2*x = -2*r - 172. Calculate the greatest common divisor of x and 24.
12
Suppose -3*k = -5*f - 6, -2*k - 9*f + 4 = -6*f. Let x(v) = 179*v + 50. Let y be x(k). Calculate the greatest common divisor of y and 51.
51
Let d = 30627 - 30531. Suppose 0*q - 2*q = -256. Calculate the greatest common divisor of d and q.
32
Suppose 76*t = -63*t + 4555 + 10179. What is the greatest common divisor of t and 583?
53
Let h(b) = b**3 + b**2 + 70. Suppose -60 = k + 4*k. Let f = k - -12. Let d be h(f). What is the greatest common factor of d and 42?
14
Let c = -195 + 286. Let a(v) = -v**3 + 6*v**2 + 20*v - 25. Let d be a(8). What is the highest common divisor of c and d?
7
Suppose 47*w = 44*w - 12, 0 = 3*a - w - 142. Calculate the highest common divisor of a and 5497.
23
Suppose -5*l + 51 = -4*b, 408*l - 406*l + 4*b = -2. Let m be 1 - ((-119)/1 - 1). Let y = -9 + m. Calculate the highest common divisor of y and l.
7
Let w be 6*(-3)/54 + 131516/6 + -7. Calculate the highest common factor of 36 and w.
12
Let s(j) = 2*j + 54. Suppose -2*p = -r - 13, -3*p + 0*p - 13 = 5*r. Let a be s(r). What is the highest common factor of a and 12?
4
Suppose -2356 = 5*w - 99*w + 1874. Suppose 5*k - 21 = -2*t - 96, 51 = -t + 2*k. Let o be t/(-3)*-1*-1. What is the greatest common divisor of w and o?
15
Let d be (2/12)/((-215)/(-210) - 1). Calculate the greatest common factor of 16 and d.
1
Suppose 43*l - 16 = 42*l + 5*w, 0 = 4*l + w - 1. Let x be 0/(-15) + l*81. Calculate the greatest common divisor of 891 and x.
81
Let o be ((-9)/10 - (-19)/(-190)) + 8. Suppose 2430 = -o*i + 16*i. Calculate the greatest common divisor of i and 18.
18
Suppose 29*k - 33*k + 540 = 3*b, -5*k = 0. Let w be b/20 - (-2 - 53). What is the highest common divisor of 416 and w?
32
Let b(j) = -2*j**3 + 2*j**2 + 5*j + 4. Suppose 10 + 32 = -21*f. Let r be b(f). What is the greatest common divisor of r and 30?
6
Let r = -23 + 28. Suppose 0 = 5*c - 2*c + 3*s - 15, -r*s + 21 = 3*c. Suppose c = 4*u - 106. Calculate the greatest common factor of 9 and u.
9
Let r(f) = -f**2 + 141*f + 58. Let s be r(17). What is the highest common divisor of 57 and s?
57
Let p = 47 + -53. Let w be (162/12 - 0)/(p/(-16)). Let m = w - 26. What is the highest common divisor of m and 80?
10
Suppose 5364 = 3*k + s + 4*s, 2*k + 5*s - 3571 = 0. Suppose 9*b - k - 70 = 0. What is the highest common divisor of b and 46?
23
Suppose 13*s - 13*s = -9*s + 5760. Calculate the greatest common divisor of 440 and s.
40
Suppose 10*i + 9611 - 12189 = 11832. Calculate the g